 is the thousands digit of 640816242?
6
What is the hundred millions digit of 1434307187?
4
What is the units digit of 2370808952?
2
What is the ten millions digit of 181693564?
8
What is the ten millions digit of 71741022?
7
What is the hundred thousands digit of 7078095?
0
What is the tens digit of 52763132?
3
What is the hundred thousands digit of 33084325?
0
What is the hundreds digit of 6828226?
2
What is the thousands digit of 1711374380?
4
What is the millions digit of 264142032?
4
What is the hundreds digit of 3968390324?
3
What is the hundred thousands digit of 451985486?
9
What is the thousands digit of 99326936?
6
What is the ten millions digit of 189520165?
8
What is the ten thousands digit of 345836527?
3
What is the units digit of 3703118702?
2
What is the tens digit of 85813969?
6
What is the ten thousands digit of 2610230026?
3
What is the hundred thousands digit of 29405953?
4
What is the hundreds digit of 20832080?
0
What is the ten millions digit of 42244920?
4
What is the hundred thousands digit of 21012978?
0
What is the millions digit of 1143268758?
3
What is the ten millions digit of 87905553?
8
What is the ten millions digit of 18877603?
1
What is the millions digit of 21217766?
1
What is the units digit of 35467847?
7
What is the hundreds digit of 525045412?
4
What is the millions digit of 1202945567?
2
What is the thousands digit of 226746791?
6
What is the tens digit of 1989208744?
4
What is the hundreds digit of 139057166?
1
What is the ten thousands digit of 4306554012?
5
What is the thousands digit of 38665007?
5
What is the millions digit of 172395271?
2
What is the hundreds digit of 101751685?
6
What is the tens digit of 64852526?
2
What is the hundreds digit of 361984062?
0
What is the ten millions digit of 111652595?
1
What is the hundred millions digit of 167304828?
1
What is the millions digit of 1078737044?
8
What is the billions digit of 4476244035?
4
What is the ten millions digit of 31348949?
3
What is the hundred millions digit of 286583844?
2
What is the hundred thousands digit of 64731056?
7
What is the hundred thousands digit of 2360694742?
6
What is the hundred millions digit of 330748212?
3
What is the hundred thousands digit of 59517437?
5
What is the millions digit of 1474551428?
4
What is the hundreds digit of 306244447?
4
What is the thousands digit of 8002454?
2
What is the tens digit of 701312131?
3
What is the ten thousands digit of 50003554?
0
What is the hundreds digit of 47227220?
2
What is the hundreds digit of 34464287?
2
What is the millions digit of 21867372?
1
What is the thousands digit of 112206447?
6
What is the thousands digit of 624094643?
4
What is the tens digit of 3223530467?
6
What is the millions digit of 396463007?
6
What is the thousands digit of 2331729800?
9
What is the billions digit of 2520674170?
2
What is the ten millions digit of 131030015?
3
What is the hundred millions digit of 1864258406?
8
What is the ten millions digit of 245237457?
4
What is the ten millions digit of 88767956?
8
What is the tens digit of 312045506?
0
What is the ten millions digit of 298521951?
9
What is the ten millions digit of 20534330?
2
What is the billions digit of 1336646193?
1
What is the tens digit of 5237459012?
1
What is the units digit of 1367386330?
0
What is the ten thousands digit of 180363924?
6
What is the units digit of 258798840?
0
What is the hundred millions digit of 5768238161?
7
What is the ten thousands digit of 176932482?
3
What is the hundreds digit of 6185562513?
5
What is the hundreds digit of 2113551135?
1
What is the millions digit of 56434852?
6
What is the units digit of 1493239413?
3
What is the ten millions digit of 12609313?
1
What is the thousands digit of 7546212?
6
What is the millions digit of 254545240?
4
What is the ten thousands digit of 664119130?
1
What is the hundred thousands digit of 31460856?
4
What is the hundred thousands digit of 189930660?
9
What is the hundreds digit of 153420076?
0
What is the tens digit of 2594728123?
2
What is the ten thousands digit of 18495916?
9
What is the millions digit of 165515550?
5
What is the ten thousands digit of 2518308912?
0
What is the thousands digit of 113731563?
1
What is the hundred millions digit of 617733508?
6
What is the units digit of 89339308?
8
What is the tens digit of 595383176?
7
What is the tens digit of 302904927?
2
What is the hundreds digit of 135228682?
6
What is the ten millions digit of 293709845?
9
What is the hundred millions digit of 128371397?
1
What is the hundreds digit of 4771702431?
4
What is the ten millions digit of 41537494?
4
What is the ten thousands digit of 5811644486?
4
What is the hundreds digit of 2522788432?
4
What is the hundred thousands digit of 2291528592?
5
What is the millions digit of 128669411?
8
What is the units digit of 207550573?
3
What is the hundreds digit of 51510790?
7
What is the hundreds digit of 286643593?
5
What is the units digit of 725793088?
8
What is the ten millions digit of 37972786?
3
What is the hundred thousands digit of 279041898?
0
What is the thousands digit of 1008561615?
1
What is the hundred millions digit of 1926704133?
9
What is the ten millions digit of 20332656?
2
What is the hundred thousands digit of 11459185?
4
What is the hundreds digit of 300677021?
0
What is the hundred thousands digit of 1029761349?
7
What is the millions digit of 1213879296?
3
What is the hundred millions digit of 2260890083?
2
What is the thousands digit of 50072745?
2
What is the ten millions digit of 3259202401?
5
What is the thousands digit of 3400601621?
1
What is the hundred thousands digit of 673297282?
2
What is the ten millions digit of 436934828?
3
What is the hundreds digit of 59114943?
9
What is the thousands digit of 88986738?
6
What is the thousands digit of 2849219415?
9
What is the thousands digit of 805948120?
8
What is the hundred millions digit of 155880257?
1
What is the hundreds digit of 8901769?
7
What is the units digit of 440225764?
4
What is the hundred thousands digit of 571127985?
1
What is the tens digit of 503402808?
0
What is the thousands digit of 46958076?
8
What is the ten thousands digit of 1932838832?
3
What is the ten thousands digit of 526113166?
1
What is the hundreds digit of 253770270?
2
What is the millions digit of 88390616?
8
What is the ten millions digit of 3531856436?
3
What is the billions digit of 2109605579?
2
What is the hundred millions digit of 167763224?
1
What is the tens digit of 31390409?
0
What is the units digit of 25952499?
9
What is the hundreds digit of 5443079536?
5
What is the ten thousands digit of 119662619?
6
What is the hundred thousands digit of 310745800?
7
What is the ten thousands digit of 323037157?
3
What is the ten thousands digit of 49864931?
6
What is the billions digit of 2198380727?
2
What is the thousands digit of 2551840943?
0
What is the tens digit of 95798910?
1
What is the tens digit of 280580367?
6
What is the hundred millions digit of 6214824007?
2
What is the hundred thousands digit of 155394124?
3
What is the hundred millions digit of 3398217033?
3
What is the units digit of 53496419?
9
What is the hundred millions digit of 1492225657?
4
What is the hundred thousands digit of 188896836?
8
What is the ten thousands digit of 17010188?
1
What is the tens digit of 23682224?
2
What is the millions digit of 916294889?
6
What is the hundreds digit of 519665617?
6
What is the tens digit of 4853915?
1
What is the hundred millions digit of 163201289?
1
What is the thousands digit of 83461138?
1
What is the millions digit of 354956748?
4
What is the millions digit of 43733388?
3
What is the ten thousands digit of 321253357?
5
What is the thousands digit of 413698540?
8
What is the units digit of 259042192?
2
What is the units digit of 2689894719?
9
What is the units digit of 68354200?
0
What is the units digit of 229862588?
8
What is the hundreds digit of 627529116?
1
What is the millions digit of 184480646?
4
What is the units digit of 42394042?
2
What is the hundred thousands digit of 91251833?
2
What is the thousands digit of 2280264631?
4
What is the units digit of 6907057?
7
What is the hundreds digit of 2622892408?
4
What is the hundreds digit of 246071285?
2
What is t